448521 prime?
True
Is 9806613259 composite?
True
Is 40512376687 prime?
True
Is 86279757 a prime number?
False
Is 5037840895 composite?
True
Is 70398057751 prime?
False
Is 829556149 a prime number?
True
Is 3337146463 a prime number?
False
Is 304816073 a composite number?
False
Is 562796634943 composite?
False
Is 18257883577 composite?
False
Is 6895670317 a composite number?
False
Is 2349401359 a prime number?
True
Is 16285045811 prime?
True
Is 254629873 a composite number?
False
Is 162860363 a composite number?
True
Is 19620100211 composite?
False
Is 1237404247 a composite number?
False
Is 1819925045 composite?
True
Is 3332626487 prime?
False
Is 529340557 composite?
False
Is 21975100387 composite?
True
Is 32924188901 a prime number?
True
Is 1372435217 composite?
False
Is 21629347 a composite number?
False
Is 54940394231 a prime number?
True
Is 3914205991 composite?
True
Is 215239199 composite?
True
Is 22802320157 composite?
False
Is 1596570499 prime?
True
Is 30180415493 prime?
False
Is 14784578909 a prime number?
True
Is 66691454197 composite?
False
Is 2001087161 composite?
False
Is 165470552003 composite?
False
Is 45242550517 a composite number?
True
Is 69461813653 composite?
False
Is 455369017 a composite number?
True
Is 1282343873 prime?
True
Is 172542261 prime?
False
Is 105601127 a prime number?
False
Is 24882148749 composite?
True
Is 3530238343 a prime number?
False
Is 5581094041 a prime number?
True
Is 2983941199 composite?
True
Is 1251841057585 composite?
True
Is 23594746169 composite?
True
Is 2502256133 a prime number?
False
Is 19457672483 composite?
True
Is 1662709901 a prime number?
False
Is 507364189 a composite number?
False
Is 57303333959 a prime number?
False
Is 1691427043 prime?
False
Is 1643021129 composite?
True
Is 257097959 prime?
False
Is 2519075049 a prime number?
False
Is 1900615897 a prime number?
True
Is 14851930147 a prime number?
True
Is 3726682753 prime?
True
Is 8912290319 prime?
True
Is 460021807 prime?
False
Is 528518917 prime?
True
Is 14671373569 prime?
True
Is 8313165347 a composite number?
False
Is 2914004461 composite?
False
Is 54775023263 composite?
True
Is 115717841 a prime number?
True
Is 28145769221 a prime number?
False
Is 3897016241 prime?
True
Is 57344769887 prime?
True
Is 3091340671 a composite number?
True
Is 50727335851 a prime number?
True
Is 148742147 a composite number?
False
Is 1280173481 a prime number?
True
Is 1913864969 composite?
False
Is 153524143 prime?
True
Is 6850622321 a composite number?
True
Is 3412087933 a prime number?
True
Is 3645913997 composite?
True
Is 4185503347 a composite number?
True
Is 74701842533 composite?
False
Is 123978093721 prime?
False
Is 6686999 a prime number?
False
Is 41246111 composite?
False
Is 15761576539 a composite number?
False
Is 6039266305 composite?
True
Is 19087234711 composite?
True
Is 59148461 composite?
True
Is 14133388751 composite?
True
Is 624253967 a composite number?
False
Is 4541901527 a prime number?
False
Is 451423723 a composite number?
False
Is 9284262797 composite?
True
Is 3092638537 a prime number?
False
Is 48908351 a prime number?
True
Is 13174112893 a prime number?
False
Is 2848946057 a composite number?
True
Is 4769890637 a prime number?
True
Is 1369820167 prime?
False
Is 130785143 a composite number?
False
Is 7474311391 a prime number?
True
Is 3107929719 prime?
False
Is 1244464447 composite?
True
Is 3225281029 prime?
True
Is 22326916841 composite?
True
Is 581230801 composite?
True
Is 3596628017 a composite number?
False
Is 821500807 a composite number?
True
Is 222142826 prime?
False
Is 4341292201 a prime number?
True
Is 4461618433 a prime number?
True
Is 840739643 prime?
False
Is 632207941 composite?
True
Is 1550700323 a prime number?
True
Is 1852722413 composite?
False
Is 675823189 composite?
False
Is 11266443383 prime?
False
Is 311331869 a prime number?
False
Is 1009051483 prime?
False
Is 1086889439 composite?
False
Is 140909899 composite?
True
Is 1427593963 prime?
False
Is 2890387607 a prime number?
True
Is 546419657 prime?
False
Is 284920073 a composite number?
False
Is 893807813 a prime number?
True
Is 448224013 a composite number?
True
Is 692308327 prime?
True
Is 2488357661 a prime number?
False
Is 770824447 a prime number?
False
Is 15780945241 prime?
True
Is 472012897 a prime number?
True
Is 2083004051 a prime number?
True
Is 25561671991 composite?
False
Is 3211245283 composite?
False
Is 23092705717 a prime number?
False
Is 14499434309 composite?
True
Is 1189288181 a prime number?
True
Is 570945189 a prime number?
False
Is 76780981 prime?
True
Is 5132102321 prime?
False
Is 492165643 a composite number?
True
Is 476809796069 a prime number?
True
Is 245330651 a composite number?
False
Is 3334036297 a prime number?
False
Is 4444973171 a composite number?
True
Is 1119033491 prime?
True
Is 283045093 prime?
True
Is 23764570553 a prime number?
True
Is 36434525747 a prime number?
True
Is 106620717667 a prime number?
False
Is 8084995067 a prime number?
True
Is 4343529881 prime?
False
Is 1057636821 a composite number?
True
Is 790571329 a composite number?
False
Is 34106419057 prime?
False
Is 757622837 a composite number?
True
Is 1090044467 a composite number?
False
Is 215232263 a composite number?
False
Is 207004033051 composite?
False
Is 2277632167 prime?
True
Is 1455149879 a prime number?
True
Is 26080750469 a composite number?
False
Is 68778219049 prime?
False
Is 2932216633 a prime number?
False
Is 5979788821 composite?
False
Is 4328874721 a prime number?
False
Is 16593653 a prime number?
False
Is 31236381773 a prime number?
True
Is 10687180279 a prime number?
False
Is 38110214551 a prime number?
True
Is 16989263107 prime?
True
Is 44574830351 composite?
False
Is 58935937 a prime number?
True
Is 281088851 prime?
False
Is 5263470539 a composite number?
True
Is 1491036383 a prime number?
True
Is 17959667411 prime?
False
Is 4254234529 composite?
False
Is 9215233663 a composite number?
False
Is 13713079241 prime?
True
Is 163730092181 composite?
True
Is 275132051 a composite number?
True
Is 789188089 a composite number?
True
Is 2601794119 prime?
True
Is 1425826027 composite?
False
Is 3180401231 a prime number?
False
Is 130057976047 composite?
False
Is 2769736991 a prime number?
False
Is 35984762318 prime?
False
Is 121867819 prime?
True
Is 16574882869 composite?
True
Is 1987685003 composite?
False
Is 4862836115 a composite number?
True
Is 3861625297 a composite number?
True
Is 228876935813 a prime number?
True
Is 15595392359 composite?
True
Is 43515263543 a prime number?
False
Is 296192697 a composite number?
True
Is 14371289069 a composite number?
False
Is 20769528569 prime?
True
Is 20894237491 a prime number?
False
Is 1233302129 prime?
False
Is 150233772539 a prime number?
True
Is 16396452311 composite?
True
Is 5191707695 a composite number?
True
Is 2146487173 a prime number?
True
Is 2689055581 prime?
True
Is 8189839807 composite?
True
Is 4797432571 a prime number?
True
Is 822063419 composite?
False
Is 8860760291 a composite number?
False
Is 1935216821 composite?
False
Is 4589881591 prime?
False
Is 175210812229 a prime number?
True
Is 1433675719 a composite number?
True
Is 794418277 composite?
False
Is 2281197839 a composite number?
False
Is 24560911 a prime number?
False
Is 24382156613 a prime number?
True
Is 20528850437 a composite number?
True
Is 27815849 composite?
False
Is 9985891 a composite number?
False
Is 11056072529 a composite number?
True
Is 6978839557 a prime number?
False
Is 265655501 a composite number?
True
Is 803622671 a composite number?
True
Is 283798283 composite?
False
Is 88989287 composite?
True
Is 195828911 prime?
True
Is 2067600257 a prime number?
True
Is 8803931861 a prime number?
False
Is 793877943 a prime number?
False
Is 1906522859 composite?
True
Is 758647187 prime?
True
Is 377848399 prime?
True
Is 8928861661 composite?
False
Is 598379527 composite?
True
Is 3899307229 a prime number?
True
Is 7117044071 prime?
False
Is 40645103 prime?
True
Is 1273215673 prime?
False
Is 1336387673 composite?
False
Is 782916649 composite?
True
Is 504903367 composite?
True
Is 1834898867 a prime number?
True
Is 4186318007 composite?
False
Is 4460560219 a prime number?
True
Is 24110272009 prime?
True
Is 11860420903 a prime number?
True